16771 - 16746) + (0 - 18 - (10 + -7))?
4
Evaluate -31 - (11 + -65 + (63 - 33)).
-7
Calculate (-5 - -3) + -119 + (16 - (28 + (-34 - -18))).
-117
48 - 2 - ((4 - 16) + (12 - 3))
49
Calculate 10 - (39 - 91 - -15).
47
13 - (42 - (-26 + 47))
-8
What is the value of (-6 - 2 - -107) + (-225 - -224)?
98
(-6 - -7 - 39) + 61 + -31 + -35
-43
Evaluate -136 - (-96 + 57 - 37).
-60
-12 + -9 + -38 + 21 + 21
-17
Evaluate 25 - -16 - (147 + -134).
28
What is the value of 82 + (-23 - 1) + 29 + -11?
76
52 - (7 - -99) - -36
-18
What is the value of 6 + 3 + 11 + -9 - (115 + -5 + -7)?
-92
Calculate -1155 - -1184 - (29 - 0).
0
Calculate 7 + -7 + 4 + -66 - -11.
-51
Calculate -86 - (-57 + (-88 - -89)).
-30
What is the value of 64 + (18 - 93 - -52)?
41
Evaluate -83 + (-71 - -22) + 187.
55
Calculate -2 + 2 + 4 - (9 - (182 + -17) - -60).
100
What is 1 + 22 + 1 + 7 + -60 + 38 + 24?
33
What is the value of 11 + (20 + -14 + 1 - (11 - 2)) + -132?
-123
Calculate -9 - 12 - 22 - -174 - (0 - -1 - -4).
126
What is the value of (-6 - -14) + -2 + 3 - 6 - -6 - 8?
1
What is -5 + -1 + -7 + (7 + -11 + 10 - 18)?
-25
What is -31 + 25 + (40 - 64) - 53?
-83
What is -1 - -3 - ((-52 - -2) + 2 - -4)?
46
-2 + 9 - (-11 - (-3 - (15 - 1))) - 40
-39
What is -22 + (-19 - (-54 - -53))?
-40
Calculate (-2 + 0 - 0 - 7) + (51 - (155 + 4)).
-117
What is the value of 69 + 9 - (-187 + 208)?
57
Calculate (53 + -20 - 5) + 18.
46
What is the value of (-9 - -1) + 1 - (188 - (-152 - -349))?
2
-98 - -21 - ((60 - 50) + 4 + -4 + 2)
-89
18 + -28 + (-43 - (9 + (-5 - -2))) - -1
-58
What is -66 - ((11 - (-2 - -1)) + 79 + -130 + 44)?
-71
What is the value of -6 + -14 - -85 - (-9 - (7 + -1))?
80
Evaluate -68 - -72 - (69 + -104).
39
Calculate -31 + 13 - (0 + -3) - (-7 + 12 + -12).
-8
What is (-76 - -2) + (313 - 259)?
-20
Calculate (-6 - -38) + (-72 - -58) - 14.
4
What is -4 + 1 + -2 + -1 - -20?
14
What is the value of (57 - 2) + -683 + 643?
15
(31 - 112) + (6 - (-1 - (-33 + 19)))
-88
What is the value of -16 + -3 + 21 + (-3 - 17)?
-18
Calculate 5 + -42 + 10 + 3 + 23 + (-9 - 33).
-43
Calculate 0 + 45 + (8859 - 8918).
-14
Calculate -20 + -31 + 2 + 52.
3
Calculate -30 - (-2229 + 2226 - (0 - 79)).
-106
What is the value of (-24 - -25 - 52 - 18) + -3?
-72
What is the value of 83 - ((142 - 68) + 2)?
7
What is (44 - 43) + (-4 - -33)?
30
Evaluate -410 - -394 - (26 - -4).
-46
(-3545 - -3550) + (-1 - (-1 + 50))
-45
What is the value of -4 + (-1 - (-2 - 2)) + (24 - 23) - -97?
97
What is 31 - (1 - 7 - -15)?
22
What is (-11 - -14 - -18) + (-33 - 27)?
-39
What is (-1682 - -1624) + (41 - 2)?
-19
Calculate -12 + (2 - (1 + 10 + -26 - (2 + 117))).
124
What is 9 + -1 + (496 - 415)?
89
-7 + (1 + -13 + 25 - -23)
29
Calculate -6 - (-7 + (60 - -3) - (-8 + -2 - -6)).
-66
What is -87 + (-42 - -52) + 131?
54
Evaluate 165 + 1 - (-11201 - -11452).
-85
What is (-85 - 3) + (177 - 209 - 15)?
-135
What is 58 - (2 + 1 + 9 + (-13 - -6) - 7)?
60
-1 + (0 + 1 - 20) + (1663 - 1668)
-25
(10 - 72) + (8 - 19) + (7 - -1)
-65
Evaluate -16 - (8 + -1 + (275 - 276) + -15).
-7
What is the value of (-19 + 12 - -25) + -34 + 62?
46
What is 4 + -29 + 74 + -13?
36
What is (1 - 50) + (2961 - 2958)?
-46
What is -66 - ((-43 - 10) + -32)?
19
What is 21 + 12 + (-34 - (-13 + 1)) + 1 + 4?
16
Evaluate (13 - 24 - -5) + 13 - (7 - 10) - -6.
16
What is (1 + -3 - 13 - (-33 - -9)) + -3?
6
What is 89 + -151 + (-29 - -32)?
-59
-85 + -32 + -5 - -84
-38
Evaluate (-1 - 44) + -31 + (43 - (25 + -21)).
-37
Evaluate -1 + (74 - (-9 + 53)).
29
Calculate -58 - (-43 - -11) - 0.
-26
What is 0 + -6 + -21 + 8 + (7 - -7)?
-5
140 + (-11 - (107 + -26))
48
What is the value of -4 + 2 - 89 - (24 + 57 + -25 + -69)?
-78
Evaluate -4 - 19 - -14 - (-14 - -7).
-2
Evaluate (-12 - -52) + 7 + -2 - (37 - 28).
36
113 - (-105 - -88 - (-29 - 14))
87
Calculate (8 - (-10 - 47)) + (-56 - (-50 + 5)).
54
17 - 7 - 27 - (-15 + 1) - -46 - -14
57
6 + (23 - -1) - ((-1 - 6) + -7)
44
What is the value of 8 + -21 + (-39 - 15 - -13)?
-54
21 + (-2 - 1) - (-7 - (-22 - -112))
115
Calculate -29 + (-5 - (4 - (-11 - -7) - 9)) + -4.
-37
What is -57 + (2 + -9 + -4 - (-55 + 49))?
-62
What is the value of -2 - -39 - (-5 + 19 + (-22 - 1) + 1)?
45
Evaluate 48 + -43 + 57 + -19.
43
Evaluate (-68 - -17) + 12 + (-9 - -18).
-30
What is (4 - 1) + (69 - 68) + -132 + 79?
-49
What is the value of -78 - -84 - ((5 - (-5 + 5)) + -52)?
53
What is (8821 - 8803) + -22 + 1 + -1 + -9?
-13
-31 - 1 - -10 - (10 + -16 + 14)
-30
What is the value of -39 - (16 - 58) - (-3 - 2 - -103)?
-95
What is (224 + -581 - -508) + ((1 - -1) + 0 - 17)?
136
What is (-209 - -74 - -17) + 70?
-48
40 + -8 + (20 - 0) + (-33 - -25)
44
What is 37 + -40 + -32 + -8 + -1?
-44
-8 - -24 - (-2 + 27 + -1)
-8
What is the value of -1 - (-18 - ((12 + 18 - 17) + -13))?
17
Calculate (0 - (1 + 9)) + (-1951 - -1974) + 5.
18
25 - (83 - (97 - 38))
1
Calculate -5401 + 5384 - (1 + -1 + -15) - -45.
43
Calculate (-69 - -74) + -22 - -80.
63
4 + -1 - ((21 - (21 + 29)) + 7 - -37)
-12
What is -22 + (13 - 0) + (-31 - -31)?
-9
What is the value of -17 - (0 - 62 - (-240 - -223))?
28
What is 5 + (4 - (-12 - -16)) + -1?
4
Evaluate 28 + (60 - -16) + -50.
54
4 - (27 + -7 + 4 + 345 + -339)
-26
What is -1 - -9 - (-65 + (68 - -24))?
-19
Evaluate (2037 - 2057) + (5 - 75).
-90
What is the value of (-1 - (47 - 13)) + 15 + 4?
-16
Evaluate (54 - (28 - (19 + -31))) + 36.
50
-105 + 127 - (6 + -11 + -4 - -4 - -9)
18
Calculate -700 + 679 + (104 - ((-4 - -2) + 1)).
84
What is 57 + (-118 - (-125 - -26) - (-12 + -3 + 2))?
51
Evaluate -139 - -120 - (-11 + -2 + 8).
-14
Calculate 149 + -375 + 247 + (-7 - 0).
14
Calculate -5 + 2 - (-9 + (-25 - -15) + 23 - 61).
54
Evaluate -7 + -7 + 8 + 8 + -22 - 77.
-97
Evaluate (0 - 0) + 12 + (-69 + 50 - -14).
7
What is the value of 15 + -38 + (-31 - -40) + -16?
-30
What is the value of 35 + (-277 - -255) + (2 - -15)?
30
(7 - -13 - (3 - -21)) + 2 + 0 + 0
-2
20 + -10 + -37 + 43
16
What is 8 - -38 - (108 - 55)?
-7
Calculate -1 + (62 - 92) + 24.
-7
Evaluate 79 - 27 - 55 - -60.
57
What is the value of 52 + (-76 - (-35 + 39))?
-28
What is the value of (3430 - 3409) + -1 + -35?
-15
What is the value of 57 - -79 - 112 - 133?
-109
What is (-71 + 2 - -74) + (-1 - -22)?
26
Evaluate 7 + (-1 - (6 + -1)) + -23 + 23 + 37.
38
What is -12 + (3 - (10 + 3 + -13) - 23)?
-32
What is -7 + 68 + -5 - ((-1 - -2) + 2) - 11?
42
What is the value of -42 + -40 + 66 + (21 - 6)?
-1
Evaluate 67 - ((93 - 42) + -5).
21
(-4 - 2) + 22 - (51 - 44)
9
(30 - 38) + 91 + (-8 - 0) + (-11 - 2)
62
-2 + 24 + (-14 - 36) - -24
-4
215 - 217 - (4 + 2) - (-31 + 2)
21
Calculate 33 - ((0 - 22) + (1256 - 1225)).
24
Calculate -20 - (-2 + 47 + (-465 - -434)).
-34
Evaluate 24 + (12 - 4) - 39.
-7
Evaluate 21 - (0 + 3 + -41 + 92).
-33
-219 - -164 - (-12 + (24 - -18))
-85
Calculate -88 + -50 + 97 - -71.
30
7 + -38 - (62 + -72)
-21
What is the value of -102 + -90 + 205 - 2?
11
Evaluate (-1 - -21) + -15 + -72.
-67
What is the value of (-86 - (-1 - (18 - 3))) + -13 + 9?
-74
Calculate 4 + (21 - 33) + 23 + -30.
-15
16 - -4 - (-1177 + 1267)
-70
What is 12 + -1 - ((0 - -35) + -180 + 215)?
-59
Evaluate 5 + 26 - (152 + -159).
38
Evaluate -2 + (-41 - (-57 - -10)).
4
-29 - (85 - (-31 - (-46 + 14)))
-113
What is the value of -6 + -9 + (20 - 8) - -2 - (5 + -24)?
18
Evaluate (80 - 46 - 25) + 32.
41
Evaluate -18 + -43 + 44 - 36.
-53
Calculate 3 + (-8 - -26) - -67 - (3 - -5).
80
Calculate 52 + (42 + -4 - -31) + (1 - 16).
106
What is (9 + 30 - -18) + -48?
9
What is 6 - (-5 + (7 - 1)) - (23 + 0)?
-18
Calculate (-47 - (-115 + 50)) + 38.
56
What is the value of (81 - -6) + (25 + -33 - 8)?
71
Evaluate 8 + 38 + (3 - (4 + -5)) - 3.
47
Calculate 17 - 17 - (3 + 5 + -64 + -65).
121
What is -8 + (-83 - -56) + -14?
-49
12 + 5 + 5 - (-7 - -30)
-1
What is the value of -151 + (-50 - (-182 + 26))?
-45
4 + -17 + -3 + 11 - (45 + -1) - 2
-51
0 + 24 - (-1314 - -1374)
-36
What is the value of -2244 - -2308 - (1 - -157)?
-94
Calculate 22 + (61 - 42) + -19 + -1.
21
What is the value of -19 - (117 - 88 - -8)?
-56
Evaluate (2 - -98) + (-3934 - -3894).
60
Calculate -133 - (-23 + -79 + 36).
-67
What is the value of -41 - (-20 - (31 + -33))?
-23
-19 - (-23 + 0 - -41 - (-21 + 76))
18
What is (3 - 0) + 6 + -1753 + 1790?
46
-10 - 33 - (-45 - (-1 + -25))
-24
What is 0 + 1 - (-3 - (-12 + 14)) - (27 + -107)?